culate the remainder when 6357 is divided by 1584.
21
Calculate the remainder when 12343 is divided by 2972.
455
What is the remainder when 12474 is divided by 39?
33
What is the remainder when 36754 is divided by 25?
4
Calculate the remainder when 17670 is divided by 3533.
5
Calculate the remainder when 17975 is divided by 4493.
3
What is the remainder when 60477 is divided by 30234?
9
What is the remainder when 9977 is divided by 809?
269
Calculate the remainder when 496075 is divided by 14589.
49
What is the remainder when 10376 is divided by 1152?
8
What is the remainder when 16435 is divided by 478?
183
What is the remainder when 77085 is divided by 162?
135
Calculate the remainder when 6778 is divided by 38.
14
What is the remainder when 53128 is divided by 377?
348
What is the remainder when 139735 is divided by 196?
183
Calculate the remainder when 6640 is divided by 97.
44
Calculate the remainder when 5328 is divided by 89.
77
What is the remainder when 10964 is divided by 85?
84
What is the remainder when 104390 is divided by 69?
62
What is the remainder when 40483 is divided by 500?
483
Calculate the remainder when 29619 is divided by 53.
45
Calculate the remainder when 16889 is divided by 4202.
81
What is the remainder when 77263 is divided by 86?
35
What is the remainder when 9138 is divided by 32?
18
What is the remainder when 8157 is divided by 157?
150
What is the remainder when 96474 is divided by 542?
540
What is the remainder when 1249 is divided by 165?
94
Calculate the remainder when 7699 is divided by 107.
102
What is the remainder when 116158 is divided by 165?
163
Calculate the remainder when 7586 is divided by 14.
12
What is the remainder when 116629 is divided by 109?
108
Calculate the remainder when 2461699 is divided by 1195.
1194
Calculate the remainder when 230967 is divided by 57734.
31
Calculate the remainder when 127934 is divided by 49.
44
Calculate the remainder when 55794 is divided by 18.
12
What is the remainder when 599211 is divided by 41?
37
Calculate the remainder when 35960 is divided by 108.
104
What is the remainder when 2447 is divided by 889?
669
Calculate the remainder when 6866 is divided by 849.
74
Calculate the remainder when 2356856 is divided by 61.
60
What is the remainder when 25433 is divided by 33?
23
What is the remainder when 10255167 is divided by 23?
19
What is the remainder when 46672 is divided by 819?
808
What is the remainder when 718 is divided by 149?
122
Calculate the remainder when 4418 is divided by 96.
2
Calculate the remainder when 3538 is divided by 3162.
376
Calculate the remainder when 40314 is divided by 20152.
10
What is the remainder when 379071 is divided by 379061?
10
What is the remainder when 1474 is divided by 371?
361
Calculate the remainder when 40121 is divided by 3636.
125
Calculate the remainder when 817746 is divided by 49.
34
What is the remainder when 3635 is divided by 55?
5
Calculate the remainder when 17917 is divided by 512.
509
What is the remainder when 27758 is divided by 1296?
542
What is the remainder when 13818 is divided by 56?
42
Calculate the remainder when 261209 is divided by 266.
263
What is the remainder when 158038 is divided by 1565?
1538
Calculate the remainder when 3177 is divided by 304.
137
What is the remainder when 13399 is divided by 9?
7
What is the remainder when 103099 is divided by 213?
7
What is the remainder when 623 is divided by 98?
35
What is the remainder when 3480 is divided by 13?
9
What is the remainder when 4703 is divided by 46?
11
Calculate the remainder when 31284 is divided by 2835.
99
What is the remainder when 17498 is divided by 8108?
1282
What is the remainder when 62268 is divided by 153?
150
Calculate the remainder when 72626 is divided by 11.
4
What is the remainder when 12851 is divided by 584?
3
What is the remainder when 2236 is divided by 606?
418
What is the remainder when 459003 is divided by 678?
675
Calculate the remainder when 2489 is divided by 109.
91
Calculate the remainder when 1030 is divided by 715.
315
Calculate the remainder when 157180 is divided by 202.
24
What is the remainder when 35188 is divided by 11726?
10
What is the remainder when 15037 is divided by 74?
15
Calculate the remainder when 46990 is divided by 35.
20
What is the remainder when 21448 is divided by 188?
16
What is the remainder when 9033 is divided by 93?
12
Calculate the remainder when 2638 is divided by 2075.
563
Calculate the remainder when 400 is divided by 307.
93
What is the remainder when 216412 is divided by 32?
28
Calculate the remainder when 1904 is divided by 329.
259
What is the remainder when 56741 is divided by 14?
13
What is the remainder when 681 is divided by 305?
71
What is the remainder when 117388 is divided by 117375?
13
What is the remainder when 1494424 is divided by 201?
190
Calculate the remainder when 19540 is divided by 56.
52
What is the remainder when 11649 is divided by 740?
549
What is the remainder when 19468 is divided by 76?
12
What is the remainder when 1153539 is divided by 28?
23
Calculate the remainder when 1638 is divided by 128.
102
What is the remainder when 7237 is divided by 168?
13
Calculate the remainder when 4205 is divided by 1317.
254
Calculate the remainder when 17835 is divided by 232.
203
Calculate the remainder when 931460 is divided by 141.
14
Calculate the remainder when 16864 is divided by 38.
30
Calculate the remainder when 49692 is divided by 231.
27
Calculate the remainder when 7066 is divided by 63.
10
Calculate the remainder when 44562 is divided by 22270.
22
What is the remainder when 6992 is divided by 54?
26
What is the remainder when 123486 is divided by 530?
526
Calculate the remainder when 4075 is divided by 369.
16
What is the remainder when 4224 is divided by 220?
44
What is the remainder when 390254 is divided by 160?
14
Calculate the remainder when 78092 is divided by 3548.
36
What is the remainder when 170197 is divided by 8?
5
What is the remainder when 8518 is divided by 330?
268
Calculate the remainder when 250212 is divided by 41.
30
Calculate the remainder when 8302 is divided by 30.
22
What is the remainder when 40485 is divided by 21?
18
Calculate the remainder when 507119 is divided by 2113.
2112
What is the remainder when 1855 is divided by 619?
617
Calculate the remainder when 8218 is divided by 115.
53
What is the remainder when 16855 is divided by 59?
40
What is the remainder when 27594 is divided by 1387?
1241
Calculate the remainder when 33631 is divided by 276.
235
Calculate the remainder when 9339 is divided by 15.
9
What is the remainder when 5049 is divided by 130?
109
Calculate the remainder when 11105 is divided by 3698.
11
Calculate the remainder when 1388892 is divided by 247.
11
What is the remainder when 4403 is divided by 183?
11
Calculate the remainder when 55163 is divided by 381.
299
What is the remainder when 1608065 is divided by 194?
193
What is the remainder when 12104 is divided by 202?
186
Calculate the remainder when 1459 is divided by 712.
35
Calculate the remainder when 17355 is divided by 496.
491
Calculate the remainder when 216280 is divided by 127.
126
Calculate the remainder when 1736 is divided by 222.
182
Calculate the remainder when 502301 is divided by 920.
901
What is the remainder when 4864 is divided by 417?
277
Calculate the remainder when 18570 is divided by 38.
26
Calculate the remainder when 1866747 is divided by 38.
35
Calculate the remainder when 808 is divided by 800.
8
What is the remainder when 18329 is divided by 215?
54
Calculate the remainder when 3534 is divided by 1757.
20
What is the remainder when 10635 is divided by 1511?
58
Calculate the remainder when 13358 is divided by 9.
2
Calculate the remainder when 2185 is divided by 1777.
408
Calculate the remainder when 359 is divided by 40.
39
Calculate the remainder when 84267 is divided by 159.
156
Calculate the remainder when 77721 is divided by 77707.
14
What is the remainder when 3201 is divided by 528?
33
Calculate the remainder when 164823 is divided by 89.
84
What is the remainder when 2598 is divided by 137?
132
Calculate the remainder when 11031 is divided by 635.
236
Calculate the remainder when 21776 is divided by 1545.
14